e number?
False
Is 9697843 prime?
True
Is 248444907 a prime number?
False
Is 7619849 a prime number?
False
Is 27861917 a prime number?
False
Is 714743639 prime?
True
Is 144085 a composite number?
True
Is 22969223 a prime number?
False
Is 74603381 a composite number?
False
Is 2534183 prime?
True
Is 61814113 a prime number?
True
Is 24132578 a composite number?
True
Is 24714919 a prime number?
False
Is 2596731 composite?
True
Is 9090611 a composite number?
False
Is 144102579 prime?
False
Is 29515513 prime?
True
Is 2527859 composite?
True
Is 125800837 a prime number?
True
Is 497887 a composite number?
True
Is 789085439 a composite number?
True
Is 479417 a prime number?
False
Is 14642471 composite?
False
Is 12389903 composite?
False
Is 1091726 a prime number?
False
Is 828809 prime?
True
Is 28770583 composite?
True
Is 43872457 composite?
True
Is 39747685 prime?
False
Is 413097 a prime number?
False
Is 35806763 a composite number?
True
Is 14701277 a prime number?
False
Is 11040823 composite?
True
Is 133432903 prime?
True
Is 97709621 composite?
False
Is 1136080651 prime?
True
Is 76102079 composite?
True
Is 33234351 a composite number?
True
Is 183501673 composite?
True
Is 9677 prime?
True
Is 341837 a composite number?
True
Is 673223 a prime number?
True
Is 2767343 a composite number?
False
Is 62909921 prime?
True
Is 39110789 prime?
True
Is 129217573 a prime number?
False
Is 451045813 a composite number?
False
Is 3337259951 composite?
False
Is 1944197 a composite number?
False
Is 61578649 a composite number?
True
Is 10209647 a prime number?
False
Is 876181 a composite number?
False
Is 14250059 a composite number?
False
Is 3322489 prime?
False
Is 6416611 composite?
False
Is 18383201 a composite number?
False
Is 85793069 a composite number?
True
Is 397127 a composite number?
False
Is 3987931 prime?
True
Is 6556201 a prime number?
True
Is 24247043 prime?
True
Is 5227253 composite?
False
Is 20562001 a prime number?
False
Is 735159731 a composite number?
True
Is 23055059 prime?
True
Is 9181651 prime?
True
Is 828517 a prime number?
True
Is 2585998 composite?
True
Is 177354211 a prime number?
False
Is 366434173 a prime number?
False
Is 40835867 a prime number?
True
Is 13627783 composite?
True
Is 13878967 composite?
False
Is 696793 composite?
False
Is 26581847 prime?
False
Is 17026013 a composite number?
True
Is 91271897 prime?
True
Is 53837437 a prime number?
True
Is 58113193 prime?
True
Is 1108619 a composite number?
False
Is 3156631 prime?
False
Is 25937533 a composite number?
False
Is 62590633 a composite number?
True
Is 11784221 composite?
True
Is 32329747 composite?
False
Is 261125633 composite?
False
Is 8753489 a composite number?
False
Is 63102757 composite?
False
Is 52818011 prime?
True
Is 20723563 a prime number?
False
Is 53855281 composite?
True
Is 1865711 composite?
False
Is 1775512911 a prime number?
False
Is 27523 composite?
True
Is 2156141 prime?
False
Is 1371259 a composite number?
False
Is 22423787 a composite number?
False
Is 8510129 composite?
False
Is 68498701 prime?
True
Is 774577333 a composite number?
False
Is 5835273 a composite number?
True
Is 2995277 a composite number?
True
Is 73695143 composite?
False
Is 260047 composite?
False
Is 6296789 a prime number?
True
Is 1721117 prime?
False
Is 5314571 a prime number?
True
Is 2991971 prime?
True
Is 424561 prime?
False
Is 363637 composite?
True
Is 31889981 prime?
True
Is 15009557 composite?
False
Is 34146721 a prime number?
False
Is 13563373 prime?
False
Is 118875629 composite?
False
Is 2490701 a composite number?
False
Is 93671855 a prime number?
False
Is 30962207 a prime number?
False
Is 19359601 composite?
False
Is 38573753 a prime number?
True
Is 815713 a composite number?
False
Is 4618567 a composite number?
False
Is 132678473 composite?
False
Is 37627607 a composite number?
False
Is 223987 prime?
False
Is 1718359 a prime number?
False
Is 2706289 a prime number?
False
Is 358627219 a composite number?
False
Is 426187391 a prime number?
False
Is 144694681 a composite number?
False
Is 65053 a prime number?
True
Is 686861 prime?
False
Is 3962597 a composite number?
True
Is 103674193 a composite number?
True
Is 1217981 composite?
True
Is 2000864731 a composite number?
False
Is 11843479 a prime number?
False
Is 3937987 a prime number?
False
Is 350801 composite?
True
Is 35950729 prime?
False
Is 237899549 a prime number?
False
Is 255269657 a prime number?
True
Is 101662306 prime?
False
Is 21212591 a prime number?
True
Is 13331641 composite?
False
Is 2762479 a prime number?
True
Is 91525873 a prime number?
False
Is 9651013 prime?
False
Is 1419137 a prime number?
True
Is 39936769 prime?
True
Is 458449 a composite number?
False
Is 201997619 a composite number?
False
Is 35201 a composite number?
False
Is 48564511 prime?
True
Is 21608957 a prime number?
True
Is 97432573 prime?
False
Is 23762471 a prime number?
True
Is 6761101 a prime number?
True
Is 256212773 prime?
True
Is 306081023 a prime number?
True
Is 70963289 a composite number?
True
Is 109381777 a composite number?
True
Is 4114651 a prime number?
True
Is 887057 prime?
True
Is 57992869 prime?
False
Is 152025011 prime?
True
Is 17740351 a composite number?
False
Is 13574083 composite?
True
Is 91353391 composite?
False
Is 139431023 prime?
True
Is 2893409 prime?
True
Is 3276173 prime?
False
Is 291623155 a composite number?
True
Is 947239 a composite number?
False
Is 3734641 composite?
True
Is 75794731 prime?
True
Is 35183369 prime?
False
Is 53920057 prime?
False
Is 158670677 prime?
False
Is 216458107 composite?
True
Is 52673827 composite?
False
Is 24139019 prime?
False
Is 2946119 a composite number?
True
Is 106103 a prime number?
True
Is 6210739 a prime number?
False
Is 478731839 a composite number?
False
Is 4061143 composite?
False
Is 21393041 a composite number?
False
Is 277575583 composite?
True
Is 2324701 a composite number?
False
Is 43888913 prime?
True
Is 347401403 a prime number?
True
Is 1110301 a prime number?
True
Is 3306793 prime?
False
Is 258366439 prime?
True
Is 3385049 a composite number?
False
Is 21797159 a composite number?
False
Is 3587603 a composite number?
True
Is 13266119 a prime number?
True
Is 11279903 composite?
False
Is 77975981 composite?
True
Is 31432243 a prime number?
True
Is 1903763 a composite number?
True
Is 16307183 prime?
True
Is 54265 prime?
False
Is 2569007 a composite number?
True
Is 8858986 a composite number?
True
Is 75558533 prime?
False
Is 22474913 a prime number?
False
Is 33898597 a composite number?
True
Is 8134541 composite?
True
Is 1590437 a composite number?
False
Is 48253721 a composite number?
False
Is 65872567 a composite number?
True
Is 351030013 a composite number?
True
Is 5176631 a composite number?
False
Is 40333127 a composite number?
False
Is 8371409 composite?
False
Is 72441113 prime?
True
Is 3563291 a composite number?
False
Is 15177901 a composite number?
True
Is 488687 prime?
True
Is 40728257 prime?
True
Is 5143729 prime?
True
Is 22195937 prime?
False
Is 9866011 prime?
False
Is 3277291 composite?
True
Is 538726261 a prime number?
True
Is 53412323 a prime number?
False
Is 30190663 composite?
False
Is 239910329 prime?
True
Is 1641457 prime?
True
Is 313423 composite?
True
Is 2103377 prime?
True
Is 587773741 composite?
False
Is 283837601 composite?
False
Is 2050813 a prime number?
True
Is 11182449 prime?
False
Is 1192903 a prime number?
True
Is 22059533 prime?
True
Is 29265491 prime?
False
Is 4846498 prime?
False
Is 13146103 composite?
False
Is 267037 a prime number?
True
Is 18647557 prime?
True
Is 4985593 a prime number?
False
Is 120896969 a prime number?
False
Is 129258137 a prime number?
False
Is 16112081 a composite number?
True
Is 21486247 prime?
False
Is 5198546 prime?
False
Is 6428837 a prime number?
False
Is 87836891 a composite number?
False
Is 206441 prime?
False
Is 3410611 a prime number?
True
Is 11271319 prime?
True
Is 787309 composite?
False
Is 6619073 prime?
True
Is 2513023 a composite number?
True
Is 4157807 prime?
True
Is 1196267 prime?
True
Is 38989697 a prime number?
True
Is 8113849 composite?
True
Is 1380839 prime?
False
Is 5564189 prime?
False
Is 206842343 composite?
True
Is 941567 composite?
True
Is 970599143 prime?
True
Is 98439137 a composite number?
True
Is 272409373